Let x(f) = f**3 + 3*f - 3. Let k be x(2). Let r = 89 + k. What is the greatest common divisor of r and 40?
20
Let o be (6/8)/((-2)/(-144)). Let h = -13 + -2. Let g = h - -21. What is the highest common divisor of g and o?
6
Let j be -3 + 1 - 1*-4. Suppose -1 = -j*b + 9. Suppose 3*c - 54 = 6. What is the highest common divisor of c and b?
5
Suppose 248*r + 18 = 254*r. Suppose 0 = 2*s - 3*l + 2, 2*l + 1 = 3*s - 6. Suppose -s + 3 = -2*n. Calculate the highest common factor of n and r.
1
Suppose -3*n = -1 - 2. Let p be (-10)/(-1) - (-3)/(-3). Calculate the greatest common divisor of n and p.
1
Let f be (8 + -3)*4/10. Suppose 3 = -f*h + 19. Let z(n) = -3*n**2 + 32*n - 13. Let v be z(9). Calculate the highest common factor of v and h.
8
Let g(a) = -3*a + 8. Let y be g(0). What is the highest common divisor of 88 and y?
8
Let a be 4430/210 + (-2)/21. Calculate the greatest common divisor of 21 and a.
21
Let o be ((-2)/(-1) - -75) + 3. Suppose 5*b + 0*b = o. Calculate the greatest common factor of 80 and b.
16
Suppose -3*q = -54 - 18. What is the highest common factor of q and 12?
12
Suppose -z = z. Let p(s) = -s + 44. Let a be p(z). Let n = -29 + a. What is the highest common divisor of 6 and n?
3
Let o(c) = 7*c - 4*c + 2*c**2 - 2*c + 1. Let v be o(2). Let b be (0 - 1)/(-1) + 10. Calculate the greatest common divisor of v and b.
11
Let a(j) = -j**3 - 5*j**2 - 4*j + 5. Let k be a(-4). Suppose k*s = -5*u + 95, -u + s = -0*s - 23. Calculate the greatest common divisor of u and 21.
21
Let m be ((-28)/(-10))/(2/10). Let z(y) = y**2 - y + 12. Let x be z(-5). What is the greatest common divisor of m and x?
14
Let f(r) = -r**2 + 5*r - 2. Let o be f(4). Suppose -2*u - 5*h = 9, -u - o*h + h = 0. What is the greatest common divisor of u and 1?
1
Suppose -4*m + m + 42 = 0. Let b(s) = s**2 - s - 7. Let t be b(-6). What is the highest common factor of t and m?
7
Suppose -42*m = -45*m + 9. What is the highest common factor of 3 and m?
3
Let x(d) = -d**3 - 9*d**2 + 8*d - 6. Let o be x(-10). Suppose y + 140 = 3*y. What is the highest common divisor of y and o?
14
Suppose f - 2 = -20. Let i be 1*f*1/(-2). Let t be (i*5)/(-2 - -3). What is the greatest common divisor of 9 and t?
9
Suppose 0*q - 1000 = 5*s + 2*q, 4*s + 2*q + 800 = 0. Let r = -79 - s. Calculate the highest common divisor of r and 11.
11
Let t(b) = b - 5. Let z be t(8). What is the greatest common divisor of z and 6?
3
Suppose 2*h = 6*h - 64. Calculate the greatest common divisor of 16 and h.
16
Suppose 41*z + 25 = 46*z. Calculate the greatest common divisor of 35 and z.
5
Let t = 13 + -7. Let k(j) = 4*j**3 + 10*j**3 + 3*j**3 + j**2. Let l be k(1). What is the highest common factor of l and t?
6
Suppose -3*c - 3*a = -105, -c + 50 = a - 3*a. What is the highest common divisor of 60 and c?
20
Let z be (2/4)/((-7)/(-1064)). Let h = 121 - z. What is the greatest common divisor of 9 and h?
9
Suppose 36 = -4*l - j, 2*l + 36 = -2*l - 2*j. Let x be (-2 - l/6)*-14. Let y(q) = -q + 4. Let m be y(3). Calculate the greatest common factor of x and m.
1
Let j be (352/15)/4 + (-4)/(-30). Calculate the greatest common factor of j and 8.
2
Let d(i) be the first derivative of -i**2/2 + 6*i + 4. Let a be d(0). Suppose -u = -a*u + 125. What is the highest common factor of u and 10?
5
Suppose 4*x = -i + 18, 0*i + x - 90 = -5*i. Calculate the highest common factor of i and 12.
6
Let w be -1 - 8/2 - -1. Let v(p) = -23*p - 2. Let f be v(w). What is the highest common divisor of f and 10?
10
Suppose 5*v + 28 = 128. Calculate the greatest common divisor of 60 and v.
20
Let i be ((-15)/((-6)/(-2)))/(-1). Suppose -4 = g - 2*g - i*p, 4*g = p + 58. What is the greatest common divisor of g and 21?
7
Let x = 1 + 4. Suppose -20 = -x*o - 5. Suppose -2*w = 3*i + 3 + o, w + 5 = -2*i. Calculate the greatest common factor of w and 2.
1
Let d be (-374)/6 + (-1)/(-3). Let k be 1/(-2 - -3) - d. Suppose 0 = -7*p - 4 + 53. Calculate the highest common divisor of k and p.
7
Suppose -b + 5 = -0. Let z be ((-105)/b)/(2/(-6)). Let i = 6 - -1. Calculate the highest common divisor of i and z.
7
Suppose 3*o = 16*o - 1755. What is the greatest common divisor of 15 and o?
15
Let l(b) = -b**3 + 3*b**2 + 3*b + 4. Let f be l(4). Suppose -5*z = -f*z - 15. Calculate the highest common factor of z and 33.
3
Suppose 5*f - 21 = -p, 0*f = 2*p - 2*f - 18. Suppose 9*c - 4*c + 560 = 0. Let v = 200 + c. Calculate the highest common factor of v and p.
11
Suppose 0 = -s - 1 + 4. Suppose 0 = 2*m + s - 9. Suppose 40 = 6*b - 122. Calculate the highest common factor of b and m.
3
Let m be 0 + 4 - (10 + -1). Let r(v) = v**3 + 6*v**2 - 6. Let q be r(m). Calculate the greatest common factor of q and 38.
19
Let m be (20/6)/(4/90). What is the highest common factor of 15 and m?
15
Let y be (3 - 171/(-15))*-5. Let a be 164/9 - (-16)/y. What is the highest common divisor of 90 and a?
18
Let p(l) = 11*l**2 + l. Let f be p(1). Calculate the greatest common divisor of f and 12.
12
Let j(x) = x**2 - 5. Let b be j(-4). Let s be 10/(-4)*(-4)/5. Suppose s*c - c - 11 = 0. What is the highest common factor of b and c?
11
Let d be (-4)/14 - 340/(-14). What is the greatest common factor of d and 12?
12
Suppose 0*z = 3*z - 9. Suppose i = 0, 4*k - z*i = -5*i + 484. What is the greatest common factor of 11 and k?
11
Suppose 4*n = -5*g + 52, 0 = 4*g - 3*n - 13 - 41. Suppose 3*m = m + 4*b + 22, 4*m + 3*b = 0. What is the highest common divisor of m and g?
3
Let p be ((-274)/10 + 1)*(-40)/6. What is the greatest common factor of 44 and p?
44
Let d = 1 - -8. Suppose -h = -3*h + 90. Calculate the highest common factor of d and h.
9
Suppose -269 = -7*q + 39. What is the highest common factor of q and 22?
22
Let f(n) = 2*n - 4. Let t be f(3). Suppose 0 = -2*k + q + 4*q - 18, 2*k - q + t = 0. Let u be 0/(-4) - (-1 - k). What is the greatest common factor of 22 and u?
2
Let y be (-2)/(-5) - (-8)/5. Suppose 2*n = -y*g - 16, 3*n = -2*g - 0*n - 17. Let a = 5 - g. What is the greatest common factor of 96 and a?
12
Let y be (1 + -3)/1 - -2. Suppose -m = -3 - y. Let l be -3 + m*(-19)/(-3). What is the greatest common divisor of 144 and l?
16
Let w(c) = 5*c**2 + c - 3. Let u be w(3). Suppose -4 = -x + 1. Calculate the highest common divisor of x and u.
5
Let u = 15 + -10. Let t be (-120)/28 - -4 - (-774)/14. Calculate the greatest common divisor of u and t.
5
Let v = 13 + -8. Suppose 0 = -0*l + 3*l + 9. Let y = l - -5. Calculate the highest common factor of y and v.
1
Let c = -6 - -9. Suppose 0 = c*o - o - 128. Let p = -44 + o. What is the greatest common factor of p and 8?
4
Let q = 1 + 3. Suppose 3*d = -q*j + j + 78, 5*d + j - 114 = 0. Calculate the highest common factor of 2 and d.
2
Let w = 3 + -5. Let u(s) = -3*s**3 - 3*s**2 + s + 2. Let t be u(w). Suppose -2*c = 8, x = -2*x + 2*c + 260. Calculate the highest common divisor of t and x.
12
Let t be ((-60)/18)/((-2)/3). Suppose -t*f - 33 = -78. Calculate the highest common divisor of 6 and f.
3
Let q(j) = -19*j - 2. Let v = -7 - -1. Let w be q(v). Let r(h) = -2*h - 8. Let y be r(-12). Calculate the highest common factor of w and y.
16
Let c(z) = 2*z**2 - 4*z - 6*z + 6 + 2*z. Let x be c(6). Suppose -2*u - 7 = 2*b - 17, 5*u + 4*b - x = 0. What is the highest common factor of 70 and u?
10
Let d(b) = 15*b - 2. Let n be d(3). Let a = -31 + n. What is the highest common divisor of 60 and a?
12
Suppose 51 + 69 = 5*z. What is the greatest common divisor of 48 and z?
24
Let g = -16 + 26. Let l = -1 - -2. Let c be -24*-3*l - 2. Calculate the greatest common factor of g and c.
10
Let q be (4 - 3 - 20)/(-1). Calculate the highest common factor of 57 and q.
19
Let p = 52 + -48. Calculate the greatest common factor of p and 16.
4
Let y(u) = 4*u**2 + 6*u - 8. Let g be y(-6). Suppose 3*r - o = 4*o + g, r + 4*o = 5. What is the highest common divisor of 225 and r?
25
Suppose -4*r + 20 + 28 = 0. Let v = -164 - -296. Calculate the highest common divisor of r and v.
12
Let i = -24 - -32. Calculate the highest common factor of i and 1.
1
Suppose 3*i = -b + 19, -i + 12 = 5*b - 13. Suppose 320 = i*t + 5*l, t - l - 44 = 3*l. Let n be -1 + (2*13 - 1). What is the greatest common divisor of n and t?
12
Let f be (18/(-4))/((-2)/52). Let o(v) = -v**3. Let a be o(-1). Let g be -2 +